{"id":513,"date":"2018-03-06T15:03:22","date_gmt":"2018-03-06T15:03:22","guid":{"rendered":"http:\/\/atalakulo.hu\/holnap\/?page_id=513"},"modified":"2018-04-13T22:59:32","modified_gmt":"2018-04-13T22:59:32","slug":"milyen-is-volt-szivugyeink-napja","status":"publish","type":"page","link":"http:\/\/atalakulo.hu\/holnap\/vetitesek\/milyen-is-volt-szivugyeink-napja\/","title":{"rendered":"Milyen is volt Sz\u00edv\u00fcgyeink Napja?"},"content":{"rendered":"<p><strong>Holnap a film. Egy dokumentumfilm a j\u00f6v\u0151r\u0151l. Pontosabban a jelenben tal\u00e1lhat\u00f3 k\u00e9zzelfoghat\u00f3 rem\u00e9nyr\u0151l. Ez az, amit Magyarorsz\u00e1gra is el akartunk hozni.<\/strong><\/p>\n<p><strong><img fetchpriority=\"high\" decoding=\"async\" class=\"size-medium wp-image-546 alignright\" src=\"http:\/\/atalakulo.hu\/holnap\/wp-content\/uploads\/2018\/03\/28061623_1660551704039324_4681995205814202177_o-300x200.jpg\" alt=\"\" width=\"300\" height=\"200\" srcset=\"http:\/\/atalakulo.hu\/holnap\/wp-content\/uploads\/2018\/03\/28061623_1660551704039324_4681995205814202177_o-300x200.jpg 300w, http:\/\/atalakulo.hu\/holnap\/wp-content\/uploads\/2018\/03\/28061623_1660551704039324_4681995205814202177_o-768x511.jpg 768w, http:\/\/atalakulo.hu\/holnap\/wp-content\/uploads\/2018\/03\/28061623_1660551704039324_4681995205814202177_o-1024x681.jpg 1024w, http:\/\/atalakulo.hu\/holnap\/wp-content\/uploads\/2018\/03\/28061623_1660551704039324_4681995205814202177_o.jpg 1064w\" sizes=\"(max-width: 300px) 100vw, 300px\" \/><\/strong>A film vet\u00edt\u00e9s\u00e9nek el\u00e9g magas jogd\u00edja van, ami els\u0151re akad\u00e1lynak t\u0171nt. V\u00e9g\u00fcl pedig ez ind\u00edtott \u00fatj\u00e1ra egy orsz\u00e1gos kamp\u00e1nyt, ahol t\u00f6bb, mint 100 ember \u00f6sszeadta 20 vet\u00edt\u00e9snek a jogd\u00edj\u00e1t, \u00e9s tette lehet\u0151v\u00e9, hogy t\u00f6bb, mint 1200-an l\u00e1thass\u00e1k a filmet. A legt\u00f6bb vet\u00edt\u00e9st Febru\u00e1r 14-\u00e9re id\u0151z\u00edtett\u00e9k a helyi szervez\u0151k &#8211; a Holnap Bajnokai &#8211; \u00edgy is feler\u0151s\u00edtve az \u00fczenetet, hogy az emberek \u00f3ri\u00e1si dolgokra k\u00e9pesek, ha azt csin\u00e1lj\u00e1k amiben hisznek; ez\u00e9rt lett ez a nap Sz\u00edv\u00fcgyeink Napja.<\/p>\n<p style=\"text-align: right;\"><a class=\"fasc-button fasc-size-medium fasc-type-flat\" style=\"background-color: #689c61; color: #ffffff;\" target=\"_blank\" rel=\"noopener\" href=\"https:\/\/goo.gl\/forms\/3BE10REvv3mzNLX52\">Szervezn\u00e9l helyi vet\u00edt\u00e9st? Seg\u00edt\u00fcnk! <\/a><\/p>\n<p>A vet\u00edt\u00e9sek egy r\u00e9sze Budapest k\u00fcl\u00f6nb\u00f6z\u0151 pontjain volt, nagyobb r\u00e9sz\u00fck pedig vid\u00e9ki v\u00e1rosokban P\u00e9cst\u0151l a Dunakanyarig, Szombathelyt\u0151l Hajd\u00fab\u00f6sz\u00f6rm\u00e9nyig. T\u00f6bb helysz\u00ednen 100 feletti n\u00e9z\u0151 volt jelen, a Budapesti Eur\u00f3pai Ifj\u00fas\u00e1gi K\u00f6zpontban p\u00e9ld\u00e1ul 160-an.<\/p>\n<p>Ami tal\u00e1n a film vet\u00edt\u00e9s\u00e9n\u00e9l fontosabb, hogy minden helyi vet\u00edt\u00e9st helyi lelkes emberek szerveztek meg; kerestek t\u00e1mogat\u00f3kat a jogd\u00edjra, leszervezt\u00e9k a helysz\u00ednt, meghirdett\u00e9k az esem\u00e9nyt, \u00e9s h\u00edvtak vend\u00e9geket a film ut\u00e1ni besz\u00e9lget\u00e9sre.<\/p>\n<p>Minden egyes helysz\u00ednen a vet\u00edt\u00e9s ut\u00e1n a n\u00e9z\u0151kkel k\u00f6z\u00f6sen vitatt\u00e1k meg a l\u00e1tottakat. Erre a \u2018a bajnokok\u2019 hetek \u00f3ta k\u00e9sz\u00fcltek, \u00e9s mi egy moder\u00e1tor k\u00e9pz\u00e9ssel seg\u00edtett\u00fck \u0151ket ebben. Volt ahol egyes t\u00e9ma szak\u00e9rt\u0151it, civil szervezetek munkat\u00e1rsait h\u00edvt\u00e1k meg, de sok helyen kifejezetten helyi projektek vagy v\u00e1llalkoz\u00e1sok k\u00e9pvisel\u0151it h\u00edvt\u00e1k el, ezzel is mutatva, hogy itthon is l\u00e9tezik rengeteg rem\u00e9nyteli kezdem\u00e9nyez\u00e9s. Moder\u00e1toraink pedig szemf\u00fclesen terelt\u00e9k a besz\u00e9lget\u00e9st, nehogy panaszk\u00f3rusba fulladjon, hanem kiv\u00e9telesen t\u00e9nyleg a lehet\u0151s\u00e9gek\u00e9 legyen a f\u0151szerep.<\/p>\n<p>Teh\u00e1t rengeteg ember tal\u00e1lkozott egym\u00e1ssal, kapott inspir\u00e1ci\u00f3t a nagyvil\u00e1gb\u00f3l \u00e9s ak\u00e1r a szomsz\u00e9dj\u00e1t\u00f3l is. Volt ahol a vet\u00edt\u00e9sen \u00f6sszedobott adom\u00e1nyokb\u00f3l \u00f6sszej\u00f6tt egy k\u00f6vetkez\u0151 helyi vet\u00edt\u00e9s jogd\u00edja, t\u00f6bb helyen ezennel elindult egy helyi rendszeres \u00f6kofilmkulb \u00e9s k\u00e9t helyen m\u00e9g az is felmer\u00fclt, hogy \u00e9rdemes lenne egy magyar Holnapot leforgatni&#8230;<\/p>\n<p>Mi, az \u00c1talakul\u00f3 K\u00f6z\u00f6ss\u00e9gek hisz\u00fcnk abban, hogy sz\u00e1mottev\u0151 pozit\u00edv v\u00e1ltoz\u00e1s csak \u201calulr\u00f3l\u201d, helyi k\u00f6z\u00f6ss\u00e9geinkb\u0151l, a mi lelkesed\u00e9s\u00fcnkkel \u00e9s t\u00e1mogat\u00e1sunkkal indulhat, \u00e9s ezzel egyre t\u00f6bben vagyunk \u00edgy&#8230;<\/p>\n<p>\u00cdme n\u00e9h\u00e1ny k\u00e9p \u00e9s id\u00e9zet a helyi szervez\u0151kt\u0151l:<\/p>\n<style type=\"text\/css\">\n#foogallery-gallery-541 .fg-image { width: 640px; }<\/style>\n\t\t\t<div class=\"foogallery foogallery-container foogallery-image-viewer foogallery-link-image foogallery-lightbox-none fg-center fg-image-viewer fg-ready fg-light fg-border-thin fg-shadow-outline fg-loading-default fg-loaded-fade-in fg-caption-hover fg-hover-fade fg-hover-zoom\" id=\"foogallery-gallery-541\" data-foogallery=\"{&quot;item&quot;:{&quot;showCaptionTitle&quot;:true,&quot;showCaptionDescription&quot;:true},&quot;lazy&quot;:true,&quot;template&quot;:{&quot;loop&quot;:true}}\" style=\"--fg-title-line-clamp: 0; --fg-description-line-clamp: 0;\" >\n\t<div class=\"fiv-inner\">\n\t\t<div class=\"fiv-inner-container\">\n\t\t\t<div class=\"fg-item fg-type-image fg-idle\"><figure class=\"fg-item-inner\"><a href=\"http:\/\/atalakulo.hu\/holnap\/wp-content\/uploads\/2018\/03\/TRIP.jpg\" data-caption-title=\"TRIP\" data-attachment-id=\"539\" data-e-disable-page-transition=\"true\" data-type=\"image\" class=\"fg-thumb\"><span class=\"fg-image-wrap\"><img decoding=\"async\" width=\"640\" height=\"360\" class=\"skip-lazy fg-image\" data-src-fg=\"http:\/\/atalakulo.hu\/holnap\/wp-content\/uploads\/cache\/2018\/03\/TRIP\/1499367461.jpg\" src=\"data:image\/svg+xml,%3Csvg%20xmlns%3D%22http%3A%2F%2Fwww.w3.org%2F2000%2Fsvg%22%20width%3D%22640%22%20height%3D%22360%22%20viewBox%3D%220%200%20640%20360%22%3E%3C%2Fsvg%3E\" loading=\"eager\"><\/span><span class=\"fg-image-overlay\"><\/span><\/a><figcaption class=\"fg-caption\"><div class=\"fg-caption-inner\"><div class=\"fg-caption-title\">TRIP<\/div><\/div><\/figcaption><\/figure><div class=\"fg-loader\"><\/div><\/div><div class=\"fg-item fg-type-image fg-idle\"><figure class=\"fg-item-inner\"><a href=\"http:\/\/atalakulo.hu\/holnap\/wp-content\/uploads\/2018\/03\/szombathely.jpg\" data-caption-title=\"szombathely\" data-attachment-id=\"537\" data-e-disable-page-transition=\"true\" data-type=\"image\" class=\"fg-thumb\"><span class=\"fg-image-wrap\"><img decoding=\"async\" width=\"640\" height=\"360\" class=\"skip-lazy fg-image\" data-src-fg=\"http:\/\/atalakulo.hu\/holnap\/wp-content\/uploads\/cache\/2018\/03\/szombathely\/3879670779.jpg\" src=\"data:image\/svg+xml,%3Csvg%20xmlns%3D%22http%3A%2F%2Fwww.w3.org%2F2000%2Fsvg%22%20width%3D%22640%22%20height%3D%22360%22%20viewBox%3D%220%200%20640%20360%22%3E%3C%2Fsvg%3E\" loading=\"eager\"><\/span><span class=\"fg-image-overlay\"><\/span><\/a><figcaption class=\"fg-caption\"><div class=\"fg-caption-inner\"><div class=\"fg-caption-title\">szombathely<\/div><\/div><\/figcaption><\/figure><div class=\"fg-loader\"><\/div><\/div><div class=\"fg-item fg-type-image fg-idle\"><figure class=\"fg-item-inner\"><a href=\"http:\/\/atalakulo.hu\/holnap\/wp-content\/uploads\/2018\/03\/P\u00e9cs-2.jpg\" data-caption-title=\"P\u00e9cs\" data-attachment-id=\"536\" data-e-disable-page-transition=\"true\" data-type=\"image\" class=\"fg-thumb\"><span class=\"fg-image-wrap\"><img decoding=\"async\" width=\"640\" height=\"360\" class=\"skip-lazy fg-image\" data-src-fg=\"http:\/\/atalakulo.hu\/holnap\/wp-content\/uploads\/cache\/2018\/03\/P\u00e9cs-2\/3773327392.jpg\" src=\"data:image\/svg+xml,%3Csvg%20xmlns%3D%22http%3A%2F%2Fwww.w3.org%2F2000%2Fsvg%22%20width%3D%22640%22%20height%3D%22360%22%20viewBox%3D%220%200%20640%20360%22%3E%3C%2Fsvg%3E\" loading=\"eager\"><\/span><span class=\"fg-image-overlay\"><\/span><\/a><figcaption class=\"fg-caption\"><div class=\"fg-caption-inner\"><div class=\"fg-caption-title\">P\u00e9cs<\/div><\/div><\/figcaption><\/figure><div class=\"fg-loader\"><\/div><\/div><div class=\"fg-item fg-type-image fg-idle\"><figure class=\"fg-item-inner\"><a href=\"http:\/\/atalakulo.hu\/holnap\/wp-content\/uploads\/2018\/03\/Nagykov\u00e1csi.jpg\" data-caption-title=\"Nagykov\u00e1csi\" data-attachment-id=\"535\" data-e-disable-page-transition=\"true\" data-type=\"image\" class=\"fg-thumb\"><span class=\"fg-image-wrap\"><img decoding=\"async\" width=\"640\" height=\"360\" class=\"skip-lazy fg-image\" data-src-fg=\"http:\/\/atalakulo.hu\/holnap\/wp-content\/uploads\/cache\/2018\/03\/Nagykov\u00e1csi\/143133621.jpg\" src=\"data:image\/svg+xml,%3Csvg%20xmlns%3D%22http%3A%2F%2Fwww.w3.org%2F2000%2Fsvg%22%20width%3D%22640%22%20height%3D%22360%22%20viewBox%3D%220%200%20640%20360%22%3E%3C%2Fsvg%3E\" loading=\"eager\"><\/span><span class=\"fg-image-overlay\"><\/span><\/a><figcaption class=\"fg-caption\"><div class=\"fg-caption-inner\"><div class=\"fg-caption-title\">Nagykov\u00e1csi<\/div><\/div><\/figcaption><\/figure><div class=\"fg-loader\"><\/div><\/div><div class=\"fg-item fg-type-image fg-idle\"><figure class=\"fg-item-inner\"><a href=\"http:\/\/atalakulo.hu\/holnap\/wp-content\/uploads\/2018\/03\/M\u00c1K-2.jpg\" data-caption-title=\"M\u00c1K\" data-attachment-id=\"534\" data-e-disable-page-transition=\"true\" data-type=\"image\" class=\"fg-thumb\"><span class=\"fg-image-wrap\"><img decoding=\"async\" width=\"640\" height=\"360\" class=\"skip-lazy fg-image\" data-src-fg=\"http:\/\/atalakulo.hu\/holnap\/wp-content\/uploads\/cache\/2018\/03\/M\u00c1K-2\/501241611.jpg\" src=\"data:image\/svg+xml,%3Csvg%20xmlns%3D%22http%3A%2F%2Fwww.w3.org%2F2000%2Fsvg%22%20width%3D%22640%22%20height%3D%22360%22%20viewBox%3D%220%200%20640%20360%22%3E%3C%2Fsvg%3E\" loading=\"eager\"><\/span><span class=\"fg-image-overlay\"><\/span><\/a><figcaption class=\"fg-caption\"><div class=\"fg-caption-inner\"><div class=\"fg-caption-title\">M\u00c1K<\/div><\/div><\/figcaption><\/figure><div class=\"fg-loader\"><\/div><\/div><div class=\"fg-item fg-type-image fg-idle\"><figure class=\"fg-item-inner\"><a href=\"http:\/\/atalakulo.hu\/holnap\/wp-content\/uploads\/2018\/03\/Hajdub\u00f6sz\u00f6rm\u00e9ny.jpg\" data-caption-title=\"Hajdub\u00f6sz\u00f6rm\u00e9ny\" data-attachment-id=\"533\" data-e-disable-page-transition=\"true\" data-type=\"image\" class=\"fg-thumb\"><span class=\"fg-image-wrap\"><img decoding=\"async\" width=\"640\" height=\"360\" class=\"skip-lazy fg-image\" data-src-fg=\"http:\/\/atalakulo.hu\/holnap\/wp-content\/uploads\/cache\/2018\/03\/Hajdub\u00f6sz\u00f6rm\u00e9ny\/91941203.jpg\" src=\"data:image\/svg+xml,%3Csvg%20xmlns%3D%22http%3A%2F%2Fwww.w3.org%2F2000%2Fsvg%22%20width%3D%22640%22%20height%3D%22360%22%20viewBox%3D%220%200%20640%20360%22%3E%3C%2Fsvg%3E\" loading=\"eager\"><\/span><span class=\"fg-image-overlay\"><\/span><\/a><figcaption class=\"fg-caption\"><div class=\"fg-caption-inner\"><div class=\"fg-caption-title\">Hajdub\u00f6sz\u00f6rm\u00e9ny<\/div><\/div><\/figcaption><\/figure><div class=\"fg-loader\"><\/div><\/div><div class=\"fg-item fg-type-image fg-idle\"><figure class=\"fg-item-inner\"><a href=\"http:\/\/atalakulo.hu\/holnap\/wp-content\/uploads\/2018\/03\/G\u00f6d\u00f6ll\u0151-2.jpg\" data-caption-title=\"G\u00f6d\u00f6ll\u0151\" data-attachment-id=\"532\" data-e-disable-page-transition=\"true\" data-type=\"image\" class=\"fg-thumb\"><span class=\"fg-image-wrap\"><img decoding=\"async\" width=\"640\" height=\"360\" class=\"skip-lazy fg-image\" data-src-fg=\"http:\/\/atalakulo.hu\/holnap\/wp-content\/uploads\/cache\/2018\/03\/G\u00f6d\u00f6ll\u0151-2\/173356138.jpg\" src=\"data:image\/svg+xml,%3Csvg%20xmlns%3D%22http%3A%2F%2Fwww.w3.org%2F2000%2Fsvg%22%20width%3D%22640%22%20height%3D%22360%22%20viewBox%3D%220%200%20640%20360%22%3E%3C%2Fsvg%3E\" loading=\"eager\"><\/span><span class=\"fg-image-overlay\"><\/span><\/a><figcaption class=\"fg-caption\"><div class=\"fg-caption-inner\"><div class=\"fg-caption-title\">G\u00f6d\u00f6ll\u0151<\/div><\/div><\/figcaption><\/figure><div class=\"fg-loader\"><\/div><\/div><div class=\"fg-item fg-type-image fg-idle\"><figure class=\"fg-item-inner\"><a href=\"http:\/\/atalakulo.hu\/holnap\/wp-content\/uploads\/2018\/03\/Dunakanyar-2.jpg\" data-caption-title=\"Dunakanyar\" data-attachment-id=\"530\" data-e-disable-page-transition=\"true\" data-type=\"image\" class=\"fg-thumb\"><span class=\"fg-image-wrap\"><img decoding=\"async\" width=\"640\" height=\"360\" class=\"skip-lazy fg-image\" data-src-fg=\"http:\/\/atalakulo.hu\/holnap\/wp-content\/uploads\/cache\/2018\/03\/Dunakanyar-2\/3554369469.jpg\" src=\"data:image\/svg+xml,%3Csvg%20xmlns%3D%22http%3A%2F%2Fwww.w3.org%2F2000%2Fsvg%22%20width%3D%22640%22%20height%3D%22360%22%20viewBox%3D%220%200%20640%20360%22%3E%3C%2Fsvg%3E\" loading=\"eager\"><\/span><span class=\"fg-image-overlay\"><\/span><\/a><figcaption class=\"fg-caption\"><div class=\"fg-caption-inner\"><div class=\"fg-caption-title\">Dunakanyar<\/div><\/div><\/figcaption><\/figure><div class=\"fg-loader\"><\/div><\/div><div class=\"fg-item fg-type-image fg-idle\"><figure class=\"fg-item-inner\"><a href=\"http:\/\/atalakulo.hu\/holnap\/wp-content\/uploads\/2018\/03\/\u00c9rd.jpg\" data-caption-title=\"\u00c9rd\" data-attachment-id=\"531\" data-e-disable-page-transition=\"true\" data-type=\"image\" class=\"fg-thumb\"><span class=\"fg-image-wrap\"><img decoding=\"async\" width=\"640\" height=\"360\" class=\"skip-lazy fg-image\" data-src-fg=\"http:\/\/atalakulo.hu\/holnap\/wp-content\/uploads\/cache\/2018\/03\/rd\/2497876088.jpg\" src=\"data:image\/svg+xml,%3Csvg%20xmlns%3D%22http%3A%2F%2Fwww.w3.org%2F2000%2Fsvg%22%20width%3D%22640%22%20height%3D%22360%22%20viewBox%3D%220%200%20640%20360%22%3E%3C%2Fsvg%3E\" loading=\"eager\"><\/span><span class=\"fg-image-overlay\"><\/span><\/a><figcaption class=\"fg-caption\"><div class=\"fg-caption-inner\"><div class=\"fg-caption-title\">\u00c9rd<\/div><\/div><\/figcaption><\/figure><div class=\"fg-loader\"><\/div><\/div><div class=\"fg-item fg-type-image fg-idle\"><figure class=\"fg-item-inner\"><a href=\"http:\/\/atalakulo.hu\/holnap\/wp-content\/uploads\/2018\/03\/BEIK.jpg\" data-caption-title=\"BEIK\" data-attachment-id=\"528\" data-e-disable-page-transition=\"true\" data-type=\"image\" class=\"fg-thumb\"><span class=\"fg-image-wrap\"><img decoding=\"async\" width=\"640\" height=\"360\" class=\"skip-lazy fg-image\" data-src-fg=\"http:\/\/atalakulo.hu\/holnap\/wp-content\/uploads\/cache\/2018\/03\/BEIK\/3843190675.jpg\" src=\"data:image\/svg+xml,%3Csvg%20xmlns%3D%22http%3A%2F%2Fwww.w3.org%2F2000%2Fsvg%22%20width%3D%22640%22%20height%3D%22360%22%20viewBox%3D%220%200%20640%20360%22%3E%3C%2Fsvg%3E\" loading=\"eager\"><\/span><span class=\"fg-image-overlay\"><\/span><\/a><figcaption class=\"fg-caption\"><div class=\"fg-caption-inner\"><div class=\"fg-caption-title\">BEIK<\/div><\/div><\/figcaption><\/figure><div class=\"fg-loader\"><\/div><\/div><div class=\"fg-item fg-type-image fg-idle\"><figure class=\"fg-item-inner\"><a href=\"http:\/\/atalakulo.hu\/holnap\/wp-content\/uploads\/2018\/03\/B\u00e9k\u00e9scsaba-2.jpg\" data-caption-title=\"B\u00e9k\u00e9scsaba\" data-attachment-id=\"529\" data-e-disable-page-transition=\"true\" data-type=\"image\" class=\"fg-thumb\"><span class=\"fg-image-wrap\"><img decoding=\"async\" width=\"640\" height=\"360\" class=\"skip-lazy fg-image\" data-src-fg=\"http:\/\/atalakulo.hu\/holnap\/wp-content\/uploads\/cache\/2018\/03\/B\u00e9k\u00e9scsaba-2\/1948329384.jpg\" src=\"data:image\/svg+xml,%3Csvg%20xmlns%3D%22http%3A%2F%2Fwww.w3.org%2F2000%2Fsvg%22%20width%3D%22640%22%20height%3D%22360%22%20viewBox%3D%220%200%20640%20360%22%3E%3C%2Fsvg%3E\" loading=\"eager\"><\/span><span class=\"fg-image-overlay\"><\/span><\/a><figcaption class=\"fg-caption\"><div class=\"fg-caption-inner\"><div class=\"fg-caption-title\">B\u00e9k\u00e9scsaba<\/div><\/div><\/figcaption><\/figure><div class=\"fg-loader\"><\/div><\/div><div class=\"fg-item fg-type-image fg-idle\"><figure class=\"fg-item-inner\"><a href=\"http:\/\/atalakulo.hu\/holnap\/wp-content\/uploads\/2018\/03\/szombathely2-1.jpg\" data-caption-title=\"szombathely2\" data-attachment-id=\"527\" data-e-disable-page-transition=\"true\" data-type=\"image\" class=\"fg-thumb\"><span class=\"fg-image-wrap\"><img decoding=\"async\" width=\"640\" height=\"360\" class=\"skip-lazy fg-image\" data-src-fg=\"http:\/\/atalakulo.hu\/holnap\/wp-content\/uploads\/cache\/2018\/03\/szombathely2-1\/3819693429.jpg\" src=\"data:image\/svg+xml,%3Csvg%20xmlns%3D%22http%3A%2F%2Fwww.w3.org%2F2000%2Fsvg%22%20width%3D%22640%22%20height%3D%22360%22%20viewBox%3D%220%200%20640%20360%22%3E%3C%2Fsvg%3E\" loading=\"eager\"><\/span><span class=\"fg-image-overlay\"><\/span><\/a><figcaption class=\"fg-caption\"><div class=\"fg-caption-inner\"><div class=\"fg-caption-title\">szombathely2<\/div><\/div><\/figcaption><\/figure><div class=\"fg-loader\"><\/div><\/div><div class=\"fg-item fg-type-image fg-idle\"><figure class=\"fg-item-inner\"><a href=\"http:\/\/atalakulo.hu\/holnap\/wp-content\/uploads\/2018\/03\/28061623_1660551704039324_4681995205814202177_o.jpg\" data-caption-title=\"28061623_1660551704039324_4681995205814202177_o\" data-attachment-id=\"546\" data-e-disable-page-transition=\"true\" data-type=\"image\" class=\"fg-thumb\"><span class=\"fg-image-wrap\"><img decoding=\"async\" width=\"640\" height=\"360\" class=\"skip-lazy fg-image\" data-src-fg=\"http:\/\/atalakulo.hu\/holnap\/wp-content\/uploads\/cache\/2018\/03\/28061623_1660551704039324_4681995205814202177_o\/1330740853.jpg\" src=\"data:image\/svg+xml,%3Csvg%20xmlns%3D%22http%3A%2F%2Fwww.w3.org%2F2000%2Fsvg%22%20width%3D%22640%22%20height%3D%22360%22%20viewBox%3D%220%200%20640%20360%22%3E%3C%2Fsvg%3E\" loading=\"eager\"><\/span><span class=\"fg-image-overlay\"><\/span><\/a><figcaption class=\"fg-caption\"><div class=\"fg-caption-inner\"><div class=\"fg-caption-title\">28061623_1660551704039324_4681995205814202177_o<\/div><\/div><\/figcaption><\/figure><div class=\"fg-loader\"><\/div><\/div>\t\t<\/div>\n\t\t<div class=\"fiv-ctrls\">\n\t\t\t<button type=\"button\" class=\"fiv-prev\" title=\"Prev\"><span>Prev<\/span><\/button>\n\t\t\t<label class=\"fiv-count\"><span class=\"fiv-count-current\">1<\/span>of<span class=\"fiv-count-total\">13<\/span><\/label>\n\t\t\t<button type=\"button\" class=\"fiv-next\" title=\"Next\"><span>Next<\/span><\/button>\n\t\t<\/div>\n\t<\/div>\n<\/div>\n<p>&nbsp;<\/p>\n<p style=\"text-align: right;\"><a class=\"fasc-button fasc-size-medium fasc-type-flat\" style=\"background-color: #689c61; color: #ffffff;\" target=\"_blank\" rel=\"noopener\" href=\"https:\/\/goo.gl\/forms\/3BE10REvv3mzNLX52\">Szervezn\u00e9l helyi vet\u00edt\u00e9st? Seg\u00edt\u00fcnk! <\/a><\/p>\n<p style=\"text-align: left;\"><em>A besz\u00e9lget\u00e9s r\u00e9sztvev\u0151i k\u00f6z\u00f6tt akadt p\u00e9ld\u00e1ul extenz\u00edv \u00e1llattart\u00e1ssal foglalkoz\u00f3 biogazda, vagy biokert\u00e9szetet ind\u00edt\u00f3 4 gyermekes csal\u00e1danya, s bemutatkozott egy kisbolt-tulajdonos, akin\u00e9l dobozban gy\u0171lik minden h\u00e9ten a r\u00e1szorul\u00f3knak adott&nbsp;\u00e9lelmiszer, egy pedag\u00f3gus, aki komposzt\u00e1l\u00f3s programot tart iskol\u00e1soknak,&nbsp;megismert\u00fck a helyi turisztikai egyes\u00fcletet programjait, ami a term\u00e9szetben elt\u00f6lt\u00f6tt akt\u00edv pihen\u00e9sre ad lehet\u0151s\u00e9get.<\/em><\/p>\n<p style=\"text-align: right;\">Vadovics Edina, G\u00f6d\u00f6ll\u0151<\/p>\n<p><em>Sokan voltak, akik m\u00e1r r\u00e9g\u00f3ta keresnek egy ilyen k\u00f6zeget, ahol a z\u00f6ld szeml\u00e9let\u00fckkel nem l\u00f3gnak ki \u00e9s tenni tudnak valami hasznosat. Abban mind egyet\u00e9rtett\u00fcnk, hogy tal\u00e1lkoznunk kell m\u00e9gegyszer \u00e9s ezeket a t\u00e9m\u00e1kat alaposabban \u00e1tbesz\u00e9lni, h\u00e1tha civil megold\u00e1sok sz\u00fcletnek.<\/em><\/p>\n<p style=\"text-align: right;\">Simon P\u00e9ter, P\u00e9cs<\/p>\n<p style=\"text-align: left;\"><em>A filmet igen nagy csendben n\u00e9zt\u00fck v\u00e9gig. A hat\u00e1s er\u0151s volt, a v\u00e9g\u00e9n neh\u00e9z volt&nbsp;Megsz\u00f3lalni. Az ut\u00e1na k\u00f6vetkez\u0151 besz<\/em><\/p>\n<p style=\"text-align: left;\"><em>\u00e9lget\u00e9s sor\u00e1n els\u0151sorban arra f\u00f3kusz\u00e1ltunk, hogy helyi szinten mit lehetne a l\u00e1tottakb\u00f3l megval\u00f3s\u00edtani. A helyi ovi vezet\u0151je konkr\u00e9t elk\u00e9pzel\u00e9ssel \u00e1llt el\u0151, amit a k\u00e9s\u0151bbiek sor\u00e1n ki fogunk dolgozni k\u00f6z\u00f6sen.<\/em><\/p>\n<p style=\"text-align: right;\">Vojczek Judit, Nagykov\u00e1csi<\/p>\n<p style=\"text-align: left;\"><em>M\u00e1r a besz\u00e9lget\u00e9s fel\u00e9n\u00e9l bevontam a k\u00f6z\u00f6ns\u00e9get, onnant\u00f3l nem is lehetett le\u00e1ll\u00edtani a k\u00e9rd\u00e9seket, egy \u00f3ra eltelt\u00e9vel az id\u0151keret szabott hat\u00e1rt.<\/em><\/p>\n<p style=\"text-align: right;\">Pint\u00e9r \u00c1d\u00e1m, TRIP Haj\u00f3 (Bp.)<\/p>\n<p style=\"text-align: left;\"><em>\u2026 m\u00e1r r\u00e9g\u00f3ta \u00e9rlel\u0151d\u00f6tt bennem a gondolat, hogy megpr\u00f3b\u00e1ln\u00e9k a k\u00f6rny\u00e9ken beind\u00edtani egy filmklubot, ami \u00f6sszehozza az itt lak\u00f3kat, \u00e9s arra \u00f6szt\u00f6nzi \u0151ket, hogy besz\u00e9lgessenek k\u00f6z\u00f6s t\u00e9m\u00e1inkr\u00f3l, esetleg el is induljanak azon az \u00faton, melynek k\u00fcl\u00f6nb\u00f6z\u0151 \u00e1llom\u00e1sait, el\u00e1gaz\u00e1sait a film elhozza nek\u00fcnk.<\/em><\/p>\n<p style=\"text-align: right;\">Uhri B\u00e1lint, \u00c9rd<\/p>\n<p><em><span style=\"font-weight: 400;\">Szabadkai Andrea arra figyelmeztetett, hogy ezen a ter\u00fcleten sem szabad egyszerre mindent g\u00f6rcs\u00f6sen akarni, mert \u00edgy \u00e9ppen a legnagyobb lend\u00fclettel \u00e9rkez\u0151k \u00e9gnek ki a leghamarabb. Olyan kis l\u00e9p\u00e9seket aj\u00e1nlott, hogy bev\u00e1s\u00e1rl\u00f3k\u00f6z\u00f6ss\u00e9gekhez csatlakozzunk, mert \u00edgy tudjuk, hogy kikt\u0151l szerezz\u00fck be az \u00e9lelmet, vagy hogy olyan vend\u00e9gl\u00e1t\u00f3egys\u00e9geket keress\u00fcnk fel, amelyek deklar\u00e1ltan k\u00f6rny\u00e9kbeli gazd\u00e1kt\u00f3l beszerzett alapanyagokkal dolgoznak.<\/span><\/em><\/p>\n<p style=\"text-align: right;\">Zlinszky J\u00e1nos, Naphimnusz M\u0171hely (Bp.)<\/p>\n<p><iframe src=\"https:\/\/www.youtube.com\/embed\/bGVQhoB4Ono\" width=\"560\" height=\"315\" frameborder=\"0\" allowfullscreen=\"allowfullscreen\"><\/iframe>&nbsp;<\/p>\n<h4><strong>Sokan jelezt\u00e9k mindenfel\u0151l, hogy szint\u00e9n szervezn\u00e9nek helyi vet\u00edt\u00e9st. Az ig\u00e9nyeket egy \u0171rlap seg\u00edts\u00e9g\u00e9vel gy\u0171jtj\u00fck:<\/strong><\/h4>\n<p style=\"text-align: right;\"><a class=\"fasc-button fasc-size-medium fasc-type-flat\" style=\"background-color: #689c61; color: #ffffff;\" target=\"_blank\" rel=\"noopener\" href=\"https:\/\/goo.gl\/forms\/3BE10REvv3mzNLX52\">Szervezn\u00e9l helyi vet\u00edt\u00e9st? Seg\u00edt\u00fcnk! <\/a>&nbsp;<\/p>\n<p><strong>Ha tetszik, amit csin\u00e1lunk t\u00e1mogasd a munk\u00e1nkat rendszeres vagy egyszeri adom\u00e1nyoddal!<\/strong><\/p>\n<p><iframe style=\"width: 235px; height: 85px; border: 0;\" src=\"https:\/\/adjukossze.hu\/kampany\/vedegylet-egyesulet-1052\/keret\/rendszeres\" width=\"300\" height=\"150\"><\/iframe><iframe style=\"width: 235px; height: 85px; border: 0;\" src=\"https:\/\/adjukossze.hu\/kampany\/vedegylet-egyesulet-1052\/keret\/egyszeri\" width=\"300\" height=\"150\"><\/iframe><\/p>\n","protected":false},"excerpt":{"rendered":"<p>Holnap a film. Egy dokumentumfilm a j\u00f6v\u0151r\u0151l. Pontosabban a jelenben tal\u00e1lhat\u00f3 k\u00e9zzelfoghat\u00f3 rem\u00e9nyr\u0151l. Ez az, amit Magyarorsz\u00e1gra is el akartunk hozni. A film vet\u00edt\u00e9s\u00e9nek el\u00e9g magas jogd\u00edja van, ami els\u0151re akad\u00e1lynak t\u0171nt. V\u00e9g\u00fcl pedig ez ind\u00edtott \u00fatj\u00e1ra egy orsz\u00e1gos kamp\u00e1nyt, ahol t\u00f6bb, mint 100 ember \u00f6sszeadta 20 vet\u00edt\u00e9snek a jogd\u00edj\u00e1t, \u00e9s tette lehet\u0151v\u00e9, hogy t\u00f6bb, &hellip; <\/p>\n<p class=\"link-more\"><a href=\"http:\/\/atalakulo.hu\/holnap\/vetitesek\/milyen-is-volt-szivugyeink-napja\/\" class=\"more-link\"><span class=\"screen-reader-text\">&#8222;Milyen is volt Sz\u00edv\u00fcgyeink Napja?&#8221;<\/span> b\u0151vebben<\/a><\/p>\n","protected":false},"author":7,"featured_media":0,"parent":95,"menu_order":0,"comment_status":"closed","ping_status":"closed","template":"","meta":{"footnotes":""},"class_list":["post-513","page","type-page","status-publish","hentry","wpautop"],"aioseo_notices":[],"featured_image_src":null,"_links":{"self":[{"href":"http:\/\/atalakulo.hu\/holnap\/wp-json\/wp\/v2\/pages\/513","targetHints":{"allow":["GET"]}}],"collection":[{"href":"http:\/\/atalakulo.hu\/holnap\/wp-json\/wp\/v2\/pages"}],"about":[{"href":"http:\/\/atalakulo.hu\/holnap\/wp-json\/wp\/v2\/types\/page"}],"author":[{"embeddable":true,"href":"http:\/\/atalakulo.hu\/holnap\/wp-json\/wp\/v2\/users\/7"}],"replies":[{"embeddable":true,"href":"http:\/\/atalakulo.hu\/holnap\/wp-json\/wp\/v2\/comments?post=513"}],"version-history":[{"count":20,"href":"http:\/\/atalakulo.hu\/holnap\/wp-json\/wp\/v2\/pages\/513\/revisions"}],"predecessor-version":[{"id":567,"href":"http:\/\/atalakulo.hu\/holnap\/wp-json\/wp\/v2\/pages\/513\/revisions\/567"}],"up":[{"embeddable":true,"href":"http:\/\/atalakulo.hu\/holnap\/wp-json\/wp\/v2\/pages\/95"}],"wp:attachment":[{"href":"http:\/\/atalakulo.hu\/holnap\/wp-json\/wp\/v2\/media?parent=513"}],"curies":[{"name":"wp","href":"https:\/\/api.w.org\/{rel}","templated":true}]}}