{"id":7,"date":"2017-10-30T18:52:56","date_gmt":"2017-10-30T18:52:56","guid":{"rendered":"http:\/\/atalakulo.hu\/holnap\/?page_id=7"},"modified":"2018-04-14T14:38:16","modified_gmt":"2018-04-14T14:38:16","slug":"kezdolap","status":"publish","type":"page","link":"http:\/\/atalakulo.hu\/holnap\/","title":{"rendered":"BEMUTATJUK&#8230;"},"content":{"rendered":"<h1><strong>Holnap<\/strong><\/h1>\n<h5><strong>Utaz\u00e1s a megold\u00e1sok vil\u00e1g\u00e1ba&#8230;<\/strong><\/h5>\n<p lang=\"hu-HU\">Ez nem egy hagyom\u00e1nyos &#8222;road movie&#8221;. Nem is sci-fi, b\u00e1r a j\u00f6v\u0151r\u0151l sz\u00f3l. Tal\u00e1n legink\u00e1bb kalandfilm, tele meglep\u0151 felfedez\u00e9sekkel.<\/p>\n<p><iframe title=\"TOMORROW   Trailer hu\" width=\"525\" height=\"295\" src=\"https:\/\/www.youtube.com\/embed\/3Z1GN-2_2Yw?feature=oembed\" frameborder=\"0\" allow=\"accelerometer; autoplay; clipboard-write; encrypted-media; gyroscope; picture-in-picture; web-share\" referrerpolicy=\"strict-origin-when-cross-origin\" allowfullscreen><\/iframe><\/p>\n<p><em><span class=\"_4n-j _3cht fsl\"><span class=\"text_exposed_show\">Holnap (Demain, 2015). Angolul besz\u00e9l\u0151 francia dokumentumfilm magyar felirattal, 118 perc.<\/span><\/span><\/em><\/p>\n<p>Ezt a filmet\u00a0Magyarorsz\u00e1gon a<a href=\"http:\/\/xn--vdegylet-b1a.hu\/\" target=\"_blank\" rel=\"noopener\"> V\u00e9degylet<\/a> \u00e9s az <a href=\"http:\/\/okofilmklub.hu\/\" target=\"_blank\" rel=\"noopener\">\u00d6kofilmklub <\/a>forgalmazza. <strong>Orsz\u00e1gszerte k\u00f6z\u00f6ss\u00e9gi vet\u00edt\u00e9seket tett\u00fcnk lehet\u0151v\u00e9, eddig 20 helysz\u00ednenen<\/strong>. Vid\u00e9ken \u00e9s v\u00e1rosokban helyi akt\u00edv emberek &#8211;\u00a0a holnap bajnokai &#8211; szervezt\u00e9k meg a vet\u00edt\u00e9seket \u00e9s besz\u00e9lget\u00e9seket; emberek sz\u00e1zait inspir\u00e1lva \u00edgy egy rem\u00e9nyteli holnap ir\u00e1ny\u00e1ban<\/p>\n<p>\u00dagy gondoljuk, hogy fontos, hogy ez a film min\u00e9l t\u00f6bb embert el\u00e9rjen.<\/p>\n<h1><strong>Tegy\u00e9l a Holnap\u00e9rt!<\/strong><\/h1>\n<p>\u00dajabb <strong>30 k\u00f6z\u00f6ss\u00e9g<\/strong> szeretn\u00e9 megtenni az els\u0151 l\u00e9p\u00e9st a k\u00f6z\u00f6s tettek \u00e9s a szolidarit\u00e1s ir\u00e1ny\u00e1ba; a Holnap c. film helyi vet\u00edt\u00e9s\u00e9t tervezik.<\/p>\n<p><strong>Ha Neked is fontos, hogy t\u00f6bb tudatos, egym\u00e1st seg\u00edt\u0151 k\u00f6z\u00f6ss\u00e9g legyen Magyarorsz\u00e1gon, <a href=\"http:\/\/atalakulo.hu\/holnap\/adj-a-holnapert\/\">adj bele te is egy kicsit!<\/a><\/strong><\/p>\n<h1><strong>Szeretn\u00e9l te is vet\u00edt\u00e9st szervezni k\u00f6z\u00f6ss\u00e9gedben?<\/strong><\/h1>\n<p><strong>Nem el\u00e9g megn\u00e9zni, err\u0151l a filmr\u0151l besz\u00e9lgetni is kell.<\/strong>\u00a0 Ahhoz pedig az kell, hogy aki vet\u00edt, az tudjon\u00a0<strong>k\u00f6z\u00f6ns\u00e9get is szervezni<\/strong>\u00a0\u00e9s seg\u00edtsen\u00a0<strong>a k\u00f6z\u00f6ns\u00e9gb\u0151l k\u00f6z\u00f6ss\u00e9get kov\u00e1csolni,<\/strong>\u00a0ak\u00e1r csak egy p\u00e1r \u00f3r\u00e1ra.<\/p>\n<p>Sz\u00f3val szeretn\u00e9l lehet\u0151s\u00e9get adni a bar\u00e1taidnak, f\u00f6ldijeidnek, hogy a film aprop\u00f3j\u00e1n tal\u00e1lkozzanak egym\u00e1ssal egy tartalmas besz\u00e9lget\u00e9sre?\u00a0<strong>Seg\u00edt\u00fcnk!<\/strong><\/p>\n<p><strong><a href=\"https:\/\/goo.gl\/forms\/sfqnxkkbqr9RM94H2\" target=\"_blank\" rel=\"noopener\">T\u00f6lts ki a jelentkez\u00e9si lapot<\/a><\/strong>, \u00e9s mi keresni fogunk.<\/p>\n<p><strong>Mert a Holnap a sz\u00edv\u00fcgy\u00fcnk, \u00e9s ez\u00e9rt tenni kell. K\u00f6z\u00f6sen.<\/strong><\/p>\n<h1><strong>Milyen is volt Sz\u00edv\u00fcgyeink Napja?<\/strong><\/h1>\n<p>2018 febru\u00e1rj\u00e1ban 20 k\u00f6z\u00f6ss\u00e9g n\u00e9zte \u00e9s vitatta meg a Holnapot. <a href=\"http:\/\/atalakulo.hu\/holnap\/vetitesek\/milyen-is-volt-szivugyeink-napja\/\">Besz\u00e1mol\u00f3nk az orsz\u00e1gos vet\u00edt\u00e9ssorozatr\u00f3l&#8230;<\/a><\/p>\n<h1><strong>\u00d6sszeadtuk!<\/strong><\/h1>\n<p>K\u00f6sz\u00f6nj\u00fck a t\u00f6bb, mint 80 t\u00e1mogat\u00f3nak, akik az <a href=\"https:\/\/adjukossze.hu\/kampany\/a-holnap-bajnokai-1207\" target=\"_blank\" rel=\"noopener\">Adjuk \u00d6ssze kamp\u00e1nyunk<\/a> sor\u00e1n t\u00e1mogatt\u00e1k a febru\u00e1ri vet\u00edt\u00e9sek l\u00e9trej\u00f6tt\u00e9t! \u00c9s persze a <a href=\"http:\/\/atalakulo.hu\/holnap\/a-holnap-bajnokai\/\">Holnap Bajnokainak<\/a>!<\/p>\n","protected":false},"excerpt":{"rendered":"<p>Holnap Utaz\u00e1s a megold\u00e1sok vil\u00e1g\u00e1ba&#8230; Ez nem egy hagyom\u00e1nyos &#8222;road movie&#8221;. Nem is sci-fi, b\u00e1r a j\u00f6v\u0151r\u0151l sz\u00f3l. Tal\u00e1n legink\u00e1bb kalandfilm, tele meglep\u0151 felfedez\u00e9sekkel. Holnap (Demain, 2015). Angolul besz\u00e9l\u0151 francia dokumentumfilm magyar felirattal, 118 perc. Ezt a filmet\u00a0Magyarorsz\u00e1gon a V\u00e9degylet \u00e9s az \u00d6kofilmklub forgalmazza. Orsz\u00e1gszerte k\u00f6z\u00f6ss\u00e9gi vet\u00edt\u00e9seket tett\u00fcnk lehet\u0151v\u00e9, eddig 20 helysz\u00ednenen. Vid\u00e9ken \u00e9s v\u00e1rosokban &hellip; <\/p>\n<p class=\"link-more\"><a href=\"http:\/\/atalakulo.hu\/holnap\/\" class=\"more-link\"><span class=\"screen-reader-text\">&#8222;BEMUTATJUK&#8230;&#8221;<\/span> b\u0151vebben<\/a><\/p>\n","protected":false},"author":1,"featured_media":0,"parent":0,"menu_order":0,"comment_status":"closed","ping_status":"closed","template":"","meta":{"footnotes":""},"class_list":["post-7","page","type-page","status-publish","hentry","wpautop"],"aioseo_notices":[],"featured_image_src":null,"_links":{"self":[{"href":"http:\/\/atalakulo.hu\/holnap\/wp-json\/wp\/v2\/pages\/7","targetHints":{"allow":["GET"]}}],"collection":[{"href":"http:\/\/atalakulo.hu\/holnap\/wp-json\/wp\/v2\/pages"}],"about":[{"href":"http:\/\/atalakulo.hu\/holnap\/wp-json\/wp\/v2\/types\/page"}],"author":[{"embeddable":true,"href":"http:\/\/atalakulo.hu\/holnap\/wp-json\/wp\/v2\/users\/1"}],"replies":[{"embeddable":true,"href":"http:\/\/atalakulo.hu\/holnap\/wp-json\/wp\/v2\/comments?post=7"}],"version-history":[{"count":22,"href":"http:\/\/atalakulo.hu\/holnap\/wp-json\/wp\/v2\/pages\/7\/revisions"}],"predecessor-version":[{"id":573,"href":"http:\/\/atalakulo.hu\/holnap\/wp-json\/wp\/v2\/pages\/7\/revisions\/573"}],"wp:attachment":[{"href":"http:\/\/atalakulo.hu\/holnap\/wp-json\/wp\/v2\/media?parent=7"}],"curies":[{"name":"wp","href":"https:\/\/api.w.org\/{rel}","templated":true}]}}

<h1><strong>Holnap</strong></h1>
<h5><strong>Utazás a megoldások világába&#8230;</strong></h5>
<p lang="hu-HU">Ez nem egy hagyományos &#8222;road movie&#8221;. Nem is sci-fi, bár a jövőről szól. Talán leginkább kalandfilm, tele meglepő felfedezésekkel.</p>
<p><iframe title="TOMORROW   Trailer hu" width="525" height="295" src="https://www.youtube.com/embed/3Z1GN-2_2Yw?feature=oembed" frameborder="0" allow="accelerometer; autoplay; clipboard-write; encrypted-media; gyroscope; picture-in-picture; web-share" referrerpolicy="strict-origin-when-cross-origin" allowfullscreen></iframe></p>
<p><em><span class="_4n-j _3cht fsl"><span class="text_exposed_show">Holnap (Demain, 2015). Angolul beszélő francia dokumentumfilm magyar felirattal, 118 perc.</span></span></em></p>
<p>Ezt a filmet Magyarországon a<a href="http://xn--vdegylet-b1a.hu/" target="_blank" rel="noopener"> Védegylet</a> és az <a href="http://okofilmklub.hu/" target="_blank" rel="noopener">Ökofilmklub </a>forgalmazza. <strong>Országszerte közösségi vetítéseket tettünk lehetővé, eddig 20 helyszínenen</strong>. Vidéken és városokban helyi aktív emberek &#8211; a holnap bajnokai &#8211; szervezték meg a vetítéseket és beszélgetéseket; emberek százait inspirálva így egy reményteli holnap irányában</p>
<p>Úgy gondoljuk, hogy fontos, hogy ez a film minél több embert elérjen.</p>
<h1><strong>Tegyél a Holnapért!</strong></h1>
<p>Újabb <strong>30 közösség</strong> szeretné megtenni az első lépést a közös tettek és a szolidaritás irányába; a Holnap c. film helyi vetítését tervezik.</p>
<p><strong>Ha Neked is fontos, hogy több tudatos, egymást segítő közösség legyen Magyarországon, <a href="http://atalakulo.hu/holnap/adj-a-holnapert/">adj bele te is egy kicsit!</a></strong></p>
<h1><strong>Szeretnél te is vetítést szervezni közösségedben?</strong></h1>
<p><strong>Nem elég megnézni, erről a filmről beszélgetni is kell.</strong>  Ahhoz pedig az kell, hogy aki vetít, az tudjon <strong>közönséget is szervezni</strong> és segítsen <strong>a közönségből közösséget kovácsolni,</strong> akár csak egy pár órára.</p>
<p>Szóval szeretnél lehetőséget adni a barátaidnak, földijeidnek, hogy a film apropóján találkozzanak egymással egy tartalmas beszélgetésre? <strong>Segítünk!</strong></p>
<p><strong><a href="https://goo.gl/forms/sfqnxkkbqr9RM94H2" target="_blank" rel="noopener">Tölts ki a jelentkezési lapot</a></strong>, és mi keresni fogunk.</p>
<p><strong>Mert a Holnap a szívügyünk, és ezért tenni kell. Közösen.</strong></p>
<h1><strong>Milyen is volt Szívügyeink Napja?</strong></h1>
<p>2018 februárjában 20 közösség nézte és vitatta meg a Holnapot. <a href="http://atalakulo.hu/holnap/vetitesek/milyen-is-volt-szivugyeink-napja/">Beszámolónk az országos vetítéssorozatról&#8230;</a></p>
<h1><strong>Összeadtuk!</strong></h1>
<p>Köszönjük a több, mint 80 támogatónak, akik az <a href="https://adjukossze.hu/kampany/a-holnap-bajnokai-1207" target="_blank" rel="noopener">Adjuk Össze kampányunk</a> során támogatták a februári vetítések létrejöttét! És persze a <a href="http://atalakulo.hu/holnap/a-holnap-bajnokai/">Holnap Bajnokainak</a>!</p>

<p>Holnap Utazás a megoldások világába&#8230; Ez nem egy hagyományos &#8222;road movie&#8221;. Nem is sci-fi, bár a jövőről szól. Talán leginkább kalandfilm, tele meglepő felfedezésekkel. Holnap (Demain, 2015). Angolul beszélő francia dokumentumfilm magyar felirattal, 118 perc. Ezt a filmet Magyarországon a Védegylet és az Ökofilmklub forgalmazza. Országszerte közösségi vetítéseket tettünk lehetővé, eddig 20 helyszínenen. Vidéken és városokban &hellip; </p>
<p class="link-more"><a href="http://atalakulo.hu/holnap/" class="more-link"><span class="screen-reader-text">&#8222;BEMUTATJUK&#8230;&#8221;</span> bővebben</a></p>
